0
What is the hundreds digit of 227?
2
What is the ten thousands digit of 32341?
3
What is the thousands digit of 36957?
6
What is the hundreds digit of 1182?
1
What is the units digit of 95333?
3
What is the tens digit of 8019?
1
What is the units digit of 2170?
0
What is the units digit of 190?
0
What is the tens digit of 8513?
1
What is the units digit of 47241?
1
What is the hundreds digit of 6160?
1
What is the units digit of 71351?
1
What is the ten thousands digit of 61682?
6
What is the tens digit of 7619?
1
What is the hundreds digit of 10831?
8
What is the units digit of 6817?
7
What is the thousands digit of 1616?
1
What is the hundreds digit of 79143?
1
What is the hundreds digit of 4921?
9
What is the units digit of 497?
7
What is the units digit of 66919?
9
What is the tens digit of 22289?
8
What is the tens digit of 1593?
9
What is the thousands digit of 2139?
2
What is the tens digit of 23?
2
What is the ten thousands digit of 28519?
2
What is the hundreds digit of 18438?
4
What is the tens digit of 73?
7
What is the tens digit of 1239?
3
What is the units digit of 10627?
7
What is the tens digit of 11928?
2
What is the hundreds digit of 20310?
3
What is the ten thousands digit of 135353?
3
What is the tens digit of 7234?
3
What is the hundreds digit of 1554?
5
What is the tens digit of 35115?
1
What is the hundred thousands digit of 137212?
1
What is the thousands digit of 9820?
9
What is the hundreds digit of 9681?
6
What is the hundreds digit of 2068?
0
What is the thousands digit of 1433?
1
What is the thousands digit of 1225?
1
What is the hundreds digit of 733?
7
What is the thousands digit of 1048?
1
What is the hundreds digit of 15536?
5
What is the tens digit of 5752?
5
What is the ten thousands digit of 18289?
1
What is the hundreds digit of 8640?
6
What is the tens digit of 10963?
6
What is the ten thousands digit of 11998?
1
What is the hundreds digit of 109979?
9
What is the units digit of 3062?
2
What is the thousands digit of 24410?
4
What is the tens digit of 1968?
6
What is the hundreds digit of 9647?
6
What is the hundreds digit of 1172?
1
What is the hundreds digit of 164?
1
What is the tens digit of 10307?
0
What is the tens digit of 4318?
1
What is the hundreds digit of 2821?
8
What is the thousands digit of 1946?
1
What is the hundreds digit of 290?
2
What is the tens digit of 1236?
3
What is the hundred thousands digit of 102885?
1
What is the hundreds digit of 1571?
5
What is the thousands digit of 2331?
2
What is the units digit of 3529?
9
What is the tens digit of 18183?
8
What is the thousands digit of 20088?
0
What is the tens digit of 596?
9
What is the ten thousands digit of 12741?
1
What is the hundreds digit of 2334?
3
What is the thousands digit of 6229?
6
What is the tens digit of 98078?
7
What is the ten thousands digit of 27231?
2
What is the tens digit of 716?
1
What is the units digit of 4577?
7
What is the tens digit of 2205?
0
What is the thousands digit of 9466?
9
What is the tens digit of 1326?
2
What is the hundreds digit of 5297?
2
What is the thousands digit of 1074?
1
What is the hundreds digit of 724?
7
What is the hundreds digit of 15220?
2
What is the tens digit of 4789?
8
What is the units digit of 7827?
7
What is the units digit of 601?
1
What is the units digit of 16258?
8
What is the units digit of 1231?
1
What is the thousands digit of 2718?
2
What is the tens digit of 1443?
4
What is the units digit of 411?
1
What is the thousands digit of 8802?
8
What is the units digit of 6231?
1
What is the hundreds digit of 619?
6
What is the thousands digit of 18541?
8
What is the tens digit of 36514?
1
What is the hundreds digit of 2363?
3
What is the units digit of 4762?
2
What is the tens digit of 9188?
8
What is the units digit of 578?
8
What is the tens digit of 52116?
1
What is the tens digit of 2246?
4
What is the ten thousands digit of 58741?
5
What is the tens digit of 571?
7
What is the hundreds digit of 13459?
4
What is the thousands digit of 49798?
9
What is the units digit of 7339?
9
What is the units digit of 5386?
6
What is the tens digit of 9398?
9
What is the tens digit of 1344?
4
What is the tens digit of 2248?
4
What is the ten thousands digit of 103624?
0
What is the units digit of 455?
5
What is the ten thousands digit of 10822?
1
What is the tens digit of 11710?
1
What is the tens digit of 4894?
9
What is the hundreds digit of 165?
1
What is the tens digit of 1146?
4
What is the hundreds digit of 608?
6
What is the ten thousands digit of 13406?
1
What is the units digit of 2380?
0
What is the hundreds digit of 933?
9
What is the units digit of 20369?
9
What is the thousands digit of 24573?
4
What is the thousands digit of 187201?
7
What is the thousands digit of 11275?
1
What is the units digit of 99?
9
What is the ten thousands digit of 31337?
3
What is the ten thousands digit of 15669?
1
What is the units digit of 1558?
8
What is the tens digit of 13473?
7
What is the units digit of 22195?
5
What is the hundreds digit of 3809?
8
What is the tens digit of 4735?
3
What is the hundreds digit of 116227?
2
What is the tens digit of 24512?
1
What is the hundreds digit of 22764?
7
What is the units digit of 94206?
6
What is the tens digit of 42491?
9
What is the tens digit of 306?
0
What is the tens digit of 3577?
7
What is the tens digit of 1555?
5
What is the thousands digit of 13052?
3
What is the ten thousands digit of 24842?
2
What is the tens digit of 9079?
7
What is the tens digit of 1351?
5
What is the tens digit of 270?
7
What is the thousands digit of 4392?
4
What is the units digit of 43476?
6
What is the thousands digit of 55918?
5
What is the hundreds digit of 1529?
5
What is the hundreds digit of 3537?
5
What is the hundreds digit of 13202?
2
What is the tens digit of 1992?
9
What is the units digit of 64?
4
What is the ten thousands digit of 98457?
9
What is the units digit of 1896?
6
What is the tens digit of 2326?
2
What is the thousands digit of 39639?
9
What is the hundred thousands digit of 106209?
1
What is the thousands digit of 2521?
2
What is the tens digit of 20311?
1
What is the hundreds digit of 8086?
0
What is the thousands digit of 1252?
1
What is the units digit of 13705?
5
What is the ten thousands digit of 11052?
1
What is the tens digit of 702?
0
What is the units digit of 574?
4
What is the tens digit of 9609?
0
What is the thousands digit of 4083?
4
What is the hundreds digit of 16379?
3
What is the units digit of 16362?
2
What is the hundreds digit of 134263?
2
What is the thousands digit of 63260?
3
What is the hundreds digit of 6046?
0
What is the hundreds digit of 5260?
2
What is the hundreds digit of 130140?
1
What is the units digit of 2244?
4
What is the units digit of 39522?
2
What is the units digit of 733?
3
What is the hundreds digit of 30909?
9
What is the tens digit of 38112?
1
What is the hundreds digit of 1488?
4
What is the hundreds digit of 5661?
6
What is the tens digit of 948?
4
What is the hundreds digit of 4505?
5
What is the hundreds digit of 2736?
7
What is the hundreds digit of 4256?
2
What is the hundreds digit of 9153?
1
What is the hundreds digit of 2435?
4
What is the thousands digit of 5035?
5
What is the units digit of 389?
9
What is the tens digit of 12117?
1
What is the hundreds digit of 801?
8
What is the hundreds digit of 11981?
9
What is the thousands digit of 7970?
7
What is the hundreds digit of 1075?
0
What is the units digit of 631?
1
What is the hundreds digit of 7289?
2
What is the hundreds digit of 22720?
7
What is the thousands digit of 2116?
2
What is the tens digit of 4916?
1
What is the tens digit of 574?
7
What is the hundreds digit of 79499?
4
What is the tens digit of 546?
4
What is the thousands digit of 3654?
3
What is the units digit of 16811?
1
What is the hundreds digit of 95975?
9
What is the tens digit of 1031?
3
What is the hundreds digit of 502?
5
What is the hundreds digit of 39453?
4
What is the thousands digit of 8767?
8
What is the thousands digit of 8791?
8
What is the units digit of 17470?
0
What is the thousands digit of 48622?
8
What is the thousands digit of 5125?
5
What is the ten thousands digit of 90767?
9
What is the hundreds digit of 39330?
3
What is the ten 